{"id":15579,"date":"2025-05-14T17:20:05","date_gmt":"2025-05-14T17:20:05","guid":{"rendered":"https:\/\/deneigeurquebec.com\/?post_type=product&#038;p=15579"},"modified":"2025-05-14T17:20:06","modified_gmt":"2025-05-14T17:20:06","slug":"tracteur-a-gazon-husqvarna-42-19-hp","status":"publish","type":"product","link":"https:\/\/deneigeurquebec.com\/index.php\/produit\/tracteur-a-gazon-husqvarna-42-19-hp\/","title":{"rendered":"Tracteur \u00e0 gazon Husqvarna 42&Prime; \u2013 19 HP"},"content":{"rendered":"<p class=\"\" data-start=\"319\" data-end=\"980\">Les tracteurs Husqvarna offrent une performance haut de gamme avec des r\u00e9sultats de qualit\u00e9. Leur taille compacte les rend faciles \u00e0 man\u0153uvrer et n\u00e9cessite moins d&rsquo;espace de stockage.<br data-start=\"502\" data-end=\"505\" \/>Des fonctionnalit\u00e9s telles que les ailes de coupe r\u00e9glables, un si\u00e8ge ajustable et un volant ergonomique rendent leur utilisation simple et confortable.<br data-start=\"657\" data-end=\"660\" \/>Tous les tracteurs disposent d&rsquo;une transmission hydrostatique. Une technologie avanc\u00e9e am\u00e9liore la ventilation du tablier de coupe, assurant une coupe nette et constante.<br data-start=\"830\" data-end=\"833\" \/>Pour une plus grande polyvalence, tous les mod\u00e8les peuvent \u00eatre \u00e9quip\u00e9s d&rsquo;accessoires tractables et de kits de paillage pour fertiliser la pelouse.<\/p>\n<hr class=\"\" data-start=\"982\" data-end=\"985\" \/>\n<h3 class=\"\" data-start=\"987\" data-end=\"1027\">\u2705 Sp\u00e9cifications suppl\u00e9mentaires :<\/h3>\n<ul data-start=\"1028\" data-end=\"1139\">\n<li class=\"\" data-start=\"1028\" data-end=\"1067\">\n<p class=\"\" data-start=\"1030\" data-end=\"1067\"><strong data-start=\"1030\" data-end=\"1053\">Dimension \/ Largeur<\/strong> : 42 pouces<\/p>\n<\/li>\n<li class=\"\" data-start=\"1068\" data-end=\"1094\">\n<p class=\"\" data-start=\"1070\" data-end=\"1094\"><strong data-start=\"1070\" data-end=\"1080\">Marque<\/strong> : Husqvarna<\/p>\n<\/li>\n<li class=\"\" data-start=\"1095\" data-end=\"1139\">\n<p class=\"\" data-start=\"1097\" data-end=\"1139\"><strong data-start=\"1097\" data-end=\"1118\">Type d&rsquo;\u00e9quipement<\/strong> : Tracteur \u00e0 gazon<\/p>\n<\/li>\n<\/ul>\n","protected":false},"excerpt":{"rendered":"<p>Transmission hydrostatique<br data-start=\"196\" data-end=\"199\" \/>Coupe 42&Prime;<br data-start=\"208\" data-end=\"211\" \/>Si\u00e8ge ajustable<br data-start=\"226\" data-end=\"229\" \/>Utilisation facile<\/p>\n","protected":false},"featured_media":15580,"comment_status":"open","ping_status":"closed","template":"","meta":[],"product_brand":[],"product_cat":[71],"product_tag":[],"class_list":{"0":"post-15579","1":"product","2":"type-product","3":"status-publish","4":"has-post-thumbnail","6":"product_cat-tracteurs-a-gazon","8":"first","9":"instock","10":"shipping-taxable","11":"purchasable","12":"product-type-simple"},"yoast_head":"<!-- This site is optimized with the Yoast SEO Premium plugin v25.3.1 (Yoast SEO v25.3.1) - https:\/\/yoast.com\/wordpress\/plugins\/seo\/ -->\n<title>Tracteur \u00e0 gazon Husqvarna 42&quot; \u2013 19 HP - DENEIGEURQUEBEC<\/title>\n<meta name=\"robots\" content=\"index, follow, max-snippet:-1, max-image-preview:large, max-video-preview:-1\" \/>\n<link rel=\"canonical\" href=\"https:\/\/deneigeurquebec.com\/index.php\/produit\/tracteur-a-gazon-husqvarna-42-19-hp\/\" \/>\n<meta property=\"og:locale\" content=\"fr_CA\" \/>\n<meta property=\"og:type\" content=\"article\" \/>\n<meta property=\"og:title\" content=\"Tracteur \u00e0 gazon Husqvarna 42&quot; \u2013 19 HP\" \/>\n<meta property=\"og:description\" content=\"Transmission hydrostatiqueCoupe 42&quot;Si\u00e8ge ajustableUtilisation facile\" \/>\n<meta property=\"og:url\" content=\"https:\/\/deneigeurquebec.com\/index.php\/produit\/tracteur-a-gazon-husqvarna-42-19-hp\/\" \/>\n<meta property=\"og:site_name\" content=\"DENEIGEURQUEBEC\" \/>\n<meta property=\"article:modified_time\" content=\"2025-05-14T17:20:06+00:00\" \/>\n<meta property=\"og:image\" content=\"https:\/\/deneigeurquebec.com\/wp-content\/uploads\/2025\/05\/001-6085_001.png\" \/>\n\t<meta property=\"og:image:width\" content=\"560\" \/>\n\t<meta property=\"og:image:height\" content=\"560\" \/>\n\t<meta property=\"og:image:type\" content=\"image\/png\" \/>\n<meta name=\"twitter:card\" content=\"summary_large_image\" \/>\n<meta name=\"twitter:label1\" content=\"Estimation du temps de lecture\" \/>\n\t<meta name=\"twitter:data1\" content=\"1 minute\" \/>\n<script type=\"application\/ld+json\" class=\"yoast-schema-graph\">{\"@context\":\"https:\/\/schema.org\",\"@graph\":[{\"@type\":\"WebPage\",\"@id\":\"https:\/\/deneigeurquebec.com\/index.php\/produit\/tracteur-a-gazon-husqvarna-42-19-hp\/\",\"url\":\"https:\/\/deneigeurquebec.com\/index.php\/produit\/tracteur-a-gazon-husqvarna-42-19-hp\/\",\"name\":\"Tracteur \u00e0 gazon Husqvarna 42\\\" \u2013 19 HP - DENEIGEURQUEBEC\",\"isPartOf\":{\"@id\":\"https:\/\/deneigeurquebec.com\/#website\"},\"primaryImageOfPage\":{\"@id\":\"https:\/\/deneigeurquebec.com\/index.php\/produit\/tracteur-a-gazon-husqvarna-42-19-hp\/#primaryimage\"},\"image\":{\"@id\":\"https:\/\/deneigeurquebec.com\/index.php\/produit\/tracteur-a-gazon-husqvarna-42-19-hp\/#primaryimage\"},\"thumbnailUrl\":\"https:\/\/deneigeurquebec.com\/wp-content\/uploads\/2025\/05\/001-6085_001.png\",\"datePublished\":\"2025-05-14T17:20:05+00:00\",\"dateModified\":\"2025-05-14T17:20:06+00:00\",\"breadcrumb\":{\"@id\":\"https:\/\/deneigeurquebec.com\/index.php\/produit\/tracteur-a-gazon-husqvarna-42-19-hp\/#breadcrumb\"},\"inLanguage\":\"fr-CA\",\"potentialAction\":[{\"@type\":\"ReadAction\",\"target\":[\"https:\/\/deneigeurquebec.com\/index.php\/produit\/tracteur-a-gazon-husqvarna-42-19-hp\/\"]}]},{\"@type\":\"ImageObject\",\"inLanguage\":\"fr-CA\",\"@id\":\"https:\/\/deneigeurquebec.com\/index.php\/produit\/tracteur-a-gazon-husqvarna-42-19-hp\/#primaryimage\",\"url\":\"https:\/\/deneigeurquebec.com\/wp-content\/uploads\/2025\/05\/001-6085_001.png\",\"contentUrl\":\"https:\/\/deneigeurquebec.com\/wp-content\/uploads\/2025\/05\/001-6085_001.png\",\"width\":560,\"height\":560},{\"@type\":\"BreadcrumbList\",\"@id\":\"https:\/\/deneigeurquebec.com\/index.php\/produit\/tracteur-a-gazon-husqvarna-42-19-hp\/#breadcrumb\",\"itemListElement\":[{\"@type\":\"ListItem\",\"position\":1,\"name\":\"Accueil\",\"item\":\"https:\/\/deneigeurquebec.com\/\"},{\"@type\":\"ListItem\",\"position\":2,\"name\":\"Shop\",\"item\":\"https:\/\/deneigeurquebec.com\/index.php\/shop\/\"},{\"@type\":\"ListItem\",\"position\":3,\"name\":\"Tracteur \u00e0 gazon Husqvarna 42&Prime; \u2013 19 HP\"}]},{\"@type\":\"WebSite\",\"@id\":\"https:\/\/deneigeurquebec.com\/#website\",\"url\":\"https:\/\/deneigeurquebec.com\/\",\"name\":\"DENEIGEURQUEBEC\",\"description\":\"PRODUITS HAUT DE GAMME\",\"publisher\":{\"@id\":\"https:\/\/deneigeurquebec.com\/#organization\"},\"potentialAction\":[{\"@type\":\"SearchAction\",\"target\":{\"@type\":\"EntryPoint\",\"urlTemplate\":\"https:\/\/deneigeurquebec.com\/?s={search_term_string}\"},\"query-input\":{\"@type\":\"PropertyValueSpecification\",\"valueRequired\":true,\"valueName\":\"search_term_string\"}}],\"inLanguage\":\"fr-CA\"},{\"@type\":\"Organization\",\"@id\":\"https:\/\/deneigeurquebec.com\/#organization\",\"name\":\"DENEIGEURQUEBEC\",\"url\":\"https:\/\/deneigeurquebec.com\/\",\"logo\":{\"@type\":\"ImageObject\",\"inLanguage\":\"fr-CA\",\"@id\":\"https:\/\/deneigeurquebec.com\/#\/schema\/logo\/image\/\",\"url\":\"https:\/\/deneigeurquebec.com\/wp-content\/uploads\/2025\/05\/Sans-titre-365-x-100-px-1.png\",\"contentUrl\":\"https:\/\/deneigeurquebec.com\/wp-content\/uploads\/2025\/05\/Sans-titre-365-x-100-px-1.png\",\"width\":365,\"height\":100,\"caption\":\"DENEIGEURQUEBEC\"},\"image\":{\"@id\":\"https:\/\/deneigeurquebec.com\/#\/schema\/logo\/image\/\"}}]}<\/script>\n<!-- \/ Yoast SEO Premium plugin. -->","yoast_head_json":{"title":"Tracteur \u00e0 gazon Husqvarna 42\" \u2013 19 HP - DENEIGEURQUEBEC","robots":{"index":"index","follow":"follow","max-snippet":"max-snippet:-1","max-image-preview":"max-image-preview:large","max-video-preview":"max-video-preview:-1"},"canonical":"https:\/\/deneigeurquebec.com\/index.php\/produit\/tracteur-a-gazon-husqvarna-42-19-hp\/","og_locale":"fr_CA","og_type":"article","og_title":"Tracteur \u00e0 gazon Husqvarna 42\" \u2013 19 HP","og_description":"Transmission hydrostatiqueCoupe 42\"Si\u00e8ge ajustableUtilisation facile","og_url":"https:\/\/deneigeurquebec.com\/index.php\/produit\/tracteur-a-gazon-husqvarna-42-19-hp\/","og_site_name":"DENEIGEURQUEBEC","article_modified_time":"2025-05-14T17:20:06+00:00","og_image":[{"width":560,"height":560,"url":"https:\/\/deneigeurquebec.com\/wp-content\/uploads\/2025\/05\/001-6085_001.png","type":"image\/png"}],"twitter_card":"summary_large_image","twitter_misc":{"Estimation du temps de lecture":"1 minute"},"schema":{"@context":"https:\/\/schema.org","@graph":[{"@type":"WebPage","@id":"https:\/\/deneigeurquebec.com\/index.php\/produit\/tracteur-a-gazon-husqvarna-42-19-hp\/","url":"https:\/\/deneigeurquebec.com\/index.php\/produit\/tracteur-a-gazon-husqvarna-42-19-hp\/","name":"Tracteur \u00e0 gazon Husqvarna 42\" \u2013 19 HP - DENEIGEURQUEBEC","isPartOf":{"@id":"https:\/\/deneigeurquebec.com\/#website"},"primaryImageOfPage":{"@id":"https:\/\/deneigeurquebec.com\/index.php\/produit\/tracteur-a-gazon-husqvarna-42-19-hp\/#primaryimage"},"image":{"@id":"https:\/\/deneigeurquebec.com\/index.php\/produit\/tracteur-a-gazon-husqvarna-42-19-hp\/#primaryimage"},"thumbnailUrl":"https:\/\/deneigeurquebec.com\/wp-content\/uploads\/2025\/05\/001-6085_001.png","datePublished":"2025-05-14T17:20:05+00:00","dateModified":"2025-05-14T17:20:06+00:00","breadcrumb":{"@id":"https:\/\/deneigeurquebec.com\/index.php\/produit\/tracteur-a-gazon-husqvarna-42-19-hp\/#breadcrumb"},"inLanguage":"fr-CA","potentialAction":[{"@type":"ReadAction","target":["https:\/\/deneigeurquebec.com\/index.php\/produit\/tracteur-a-gazon-husqvarna-42-19-hp\/"]}]},{"@type":"ImageObject","inLanguage":"fr-CA","@id":"https:\/\/deneigeurquebec.com\/index.php\/produit\/tracteur-a-gazon-husqvarna-42-19-hp\/#primaryimage","url":"https:\/\/deneigeurquebec.com\/wp-content\/uploads\/2025\/05\/001-6085_001.png","contentUrl":"https:\/\/deneigeurquebec.com\/wp-content\/uploads\/2025\/05\/001-6085_001.png","width":560,"height":560},{"@type":"BreadcrumbList","@id":"https:\/\/deneigeurquebec.com\/index.php\/produit\/tracteur-a-gazon-husqvarna-42-19-hp\/#breadcrumb","itemListElement":[{"@type":"ListItem","position":1,"name":"Accueil","item":"https:\/\/deneigeurquebec.com\/"},{"@type":"ListItem","position":2,"name":"Shop","item":"https:\/\/deneigeurquebec.com\/index.php\/shop\/"},{"@type":"ListItem","position":3,"name":"Tracteur \u00e0 gazon Husqvarna 42&Prime; \u2013 19 HP"}]},{"@type":"WebSite","@id":"https:\/\/deneigeurquebec.com\/#website","url":"https:\/\/deneigeurquebec.com\/","name":"DENEIGEURQUEBEC","description":"PRODUITS HAUT DE GAMME","publisher":{"@id":"https:\/\/deneigeurquebec.com\/#organization"},"potentialAction":[{"@type":"SearchAction","target":{"@type":"EntryPoint","urlTemplate":"https:\/\/deneigeurquebec.com\/?s={search_term_string}"},"query-input":{"@type":"PropertyValueSpecification","valueRequired":true,"valueName":"search_term_string"}}],"inLanguage":"fr-CA"},{"@type":"Organization","@id":"https:\/\/deneigeurquebec.com\/#organization","name":"DENEIGEURQUEBEC","url":"https:\/\/deneigeurquebec.com\/","logo":{"@type":"ImageObject","inLanguage":"fr-CA","@id":"https:\/\/deneigeurquebec.com\/#\/schema\/logo\/image\/","url":"https:\/\/deneigeurquebec.com\/wp-content\/uploads\/2025\/05\/Sans-titre-365-x-100-px-1.png","contentUrl":"https:\/\/deneigeurquebec.com\/wp-content\/uploads\/2025\/05\/Sans-titre-365-x-100-px-1.png","width":365,"height":100,"caption":"DENEIGEURQUEBEC"},"image":{"@id":"https:\/\/deneigeurquebec.com\/#\/schema\/logo\/image\/"}}]}},"_links":{"self":[{"href":"https:\/\/deneigeurquebec.com\/index.php\/wp-json\/wp\/v2\/product\/15579","targetHints":{"allow":["GET"]}}],"collection":[{"href":"https:\/\/deneigeurquebec.com\/index.php\/wp-json\/wp\/v2\/product"}],"about":[{"href":"https:\/\/deneigeurquebec.com\/index.php\/wp-json\/wp\/v2\/types\/product"}],"replies":[{"embeddable":true,"href":"https:\/\/deneigeurquebec.com\/index.php\/wp-json\/wp\/v2\/comments?post=15579"}],"version-history":[{"count":1,"href":"https:\/\/deneigeurquebec.com\/index.php\/wp-json\/wp\/v2\/product\/15579\/revisions"}],"predecessor-version":[{"id":15581,"href":"https:\/\/deneigeurquebec.com\/index.php\/wp-json\/wp\/v2\/product\/15579\/revisions\/15581"}],"wp:featuredmedia":[{"embeddable":true,"href":"https:\/\/deneigeurquebec.com\/index.php\/wp-json\/wp\/v2\/media\/15580"}],"wp:attachment":[{"href":"https:\/\/deneigeurquebec.com\/index.php\/wp-json\/wp\/v2\/media?parent=15579"}],"wp:term":[{"taxonomy":"product_brand","embeddable":true,"href":"https:\/\/deneigeurquebec.com\/index.php\/wp-json\/wp\/v2\/product_brand?post=15579"},{"taxonomy":"product_cat","embeddable":true,"href":"https:\/\/deneigeurquebec.com\/index.php\/wp-json\/wp\/v2\/product_cat?post=15579"},{"taxonomy":"product_tag","embeddable":true,"href":"https:\/\/deneigeurquebec.com\/index.php\/wp-json\/wp\/v2\/product_tag?post=15579"}],"curies":[{"name":"wp","href":"https:\/\/api.w.org\/{rel}","templated":true}]}}